 u(15)?
6
Let h = 65 + -39. What is the units digit of h?
6
Suppose 1 = -4*v + 3*z + 4, 2*v = -4*z - 26. Let n(t) = t**2 + t + 4. Let d be n(v). Suppose -d = -3*i + i. What is the units digit of i?
5
What is the tens digit of (-1014)/(-4) - ((-30)/(-12))/5?
5
Let y = 311 - 130. What is the hundreds digit of y?
1
Let i = -23 + 19. What is the tens digit of (-470)/(-10) + (i - -1)?
4
Let m = 0 - -12. Suppose -2*s = -3*s. Suppose s*f - 2*f = 5*g - 88, 3*f = m. What is the tens digit of g?
1
Let z be 1 + 66/(-3 - -6). Suppose 0 = 4*f - 3*p - 31, -3*f + 3*p = -z - 1. Suppose -2*j + f*j = 70. What is the tens digit of j?
1
Let g be (11/22)/(1/(-4)). What is the units digit of 0/(9/(-3)) - g?
2
Suppose m + 2*q = 306 - 40, q = -3*m + 773. What is the hundreds digit of m?
2
Let g = 16 + -8. Suppose -2*r = 2*r + g. What is the units digit of (-2 + (-2 - r))/(-2)?
1
Suppose 10 = 5*i - 10. Suppose -4 = 2*l - i*l. Suppose 0 = -0*q + q - l. What is the units digit of q?
2
Let f = 23 + -23. Let s = 1 + -2. Let z = f - s. What is the units digit of z?
1
Suppose 5*t - 400 = 5*h, 0 = t + 3*h - 56 - 8. What is the tens digit of t?
7
Suppose 5*k - 40 = 2*j - 125, 5*j - 130 = -4*k. What is the units digit of j?
0
Let c = -7 - -9. Suppose -c*k - 3*k - 60 = -3*p, -4*k + 12 = 0. What is the units digit of p?
5
Suppose 2*y = 5*m - 13 - 3, 6 = -m + 5*y. What is the units digit of m?
4
Suppose -2*i = -5*u - 430, 0 = 5*u - 2*u - 12. What is the units digit of i?
5
Let f = -72 + 179. Suppose -199 - f = -3*o. What is the units digit of (-6)/21 - o/(-14)?
7
Suppose -h = -6*h - 25, -2*h - 282 = -4*n. Let y = 102 - n. What is the units digit of y?
4
Let q(y) = -2*y - 7. Let l(b) = 3*b + 15. Let s be 1/(-4) - 13/(-4). Let h(d) = s*l(d) + 7*q(d). What is the units digit of h(-3)?
1
Suppose -2*y + 33 = -y. What is the units digit of y?
3
Let y(s) = -2*s + 3. Let z be y(0). Suppose -z*d + 153 = -0*d. What is the tens digit of d?
5
Let s = -18 + -4. What is the tens digit of (1 - 4)/(6/s)?
1
Let c(r) = r**2 + 2. Suppose l + 3*i - 4 = -1, 5*i - 16 = 2*l. What is the tens digit of c(l)?
1
Let h = -1 + 1. Suppose 2*k + 14 = -h*k. Let v = 10 + k. What is the units digit of v?
3
Let l be -6*(-3)/(-4)*-2. Let a = -5 + l. Suppose a*i - 12 = 52. What is the tens digit of i?
1
Suppose -5*b + 33 = -2*o + 4*o, -b - 4*o + 21 = 0. Suppose a + i = 3*a - 37, b*i = 4*a - 83. What is the tens digit of a?
1
Suppose 2*g + 2*z = -3*z + 63, z - 27 = -g. Let d = -11 + g. What is the tens digit of d?
1
Let l(h) = h + 1. Suppose w + 0*w = 42. Suppose c + 2*c = -4*t + w, -c + 47 = 5*t. What is the units digit of l(t)?
0
Suppose 147 + 3444 = 21*l. What is the units digit of l?
1
Let i(u) = 2*u**2 + 11. What is the tens digit of i(-6)?
8
Let n(w) = -w**2 + w + 7. Let x = -3 - -3. What is the units digit of n(x)?
7
Let o(f) = -5*f + 1 + 4 - 3. Let b be o(-4). Suppose 0 = -m - 4*d + b, -2*m - 5*d + 29 = -0*d. What is the units digit of m?
2
Let f(a) = -2*a - 4. Let d(c) = -6*c - 12. Let j(v) = -4*d(v) + 11*f(v). Let i be j(6). Let w = 26 - i. What is the tens digit of w?
1
Let x = 50 + -28. What is the units digit of x?
2
Suppose 2*k + 95 = 7*k. What is the tens digit of k?
1
Suppose -5*r - 3 = -2*r. Let w(b) = -18*b - 1. What is the tens digit of w(r)?
1
Let f = -17 - 1. Let c be (f/15)/(2/5). What is the units digit of 1/c + (-16)/(-3)?
5
Let s(j) = -j**3 + 5*j**2 - j - 2. Let b be s(5). Let x = 2 - b. What is the units digit of x?
9
Let p(l) = 8*l**2 - 5*l + 4. What is the units digit of p(2)?
6
Let n be (-11)/66 + 97/6. Suppose -4*d - n = 0, -5*f - 2*d = 3*d - 25. Let h = f - -12. What is the tens digit of h?
2
Let h(f) = f**3 + 9*f**2 - 11*f - 7. Let o be h(-10). Suppose 5*v = 2*y + 89, -o*v - v - 3*y + 62 = 0. What is the units digit of v?
7
Suppose -2*k + 188 = 38. What is the tens digit of k?
7
Let n(i) = i**3 - 5*i**2 - 2*i - 8. What is the units digit of n(6)?
6
Let u(c) = -2*c**3 - 2*c**2 + 2*c + 2. Let a be u(-2). Suppose -29 - a = -5*n. What is the units digit of n?
7
Let p(v) = -7*v - 7. What is the units digit of p(-5)?
8
Suppose 0 = -2*x - t + 443, 2*x + 682 = 5*x + 5*t. What is the units digit of x?
9
Let h = -4 - -20. Suppose -h = -4*p + 44. What is the tens digit of p?
1
Suppose 3*l = -4*g + 171 + 156, 0 = 3*g - 3*l - 261. Let x = g + -43. What is the tens digit of x?
4
Let p(a) = -10*a**2 + 10*a + 0*a**3 - 5 - a**3 + 4 + 2*a**3. What is the units digit of p(9)?
8
Let p = 99 - 38. What is the units digit of p?
1
What is the hundreds digit of ((-8)/(-12))/(2/669)?
2
Let l(k) = 0 + 2*k + 8*k**2 - 9*k**2 - 4 - k**3. What is the tens digit of l(-4)?
3
Let u = 8 + -4. Let n(m) = -3*m**2 - 2*m + 3*m**2 + 2*m**2 - 5 - m**2. What is the units digit of n(u)?
3
What is the units digit of (139 - -3) + (1 - -1)?
4
Let h = -3 - -3. Let o be h/(-2) - (-4 + 3). What is the units digit of 5*1*o/1?
5
Suppose 0*q + 8 = -2*h - 2*q, 2*h + q = -3. Let j be (-5)/(-3)*(2 + h). Let b(i) = i**3 - 5*i**2 + 2*i - 6. What is the units digit of b(j)?
4
What is the units digit of (-20)/(((-6)/(-4))/(-3))?
0
Let f be ((64/20)/1)/(4/10). Suppose -b + 5*b + 4 = 0. Let m = f + b. What is the units digit of m?
7
Let i = -40 - -126. What is the tens digit of i?
8
Let z(b) = b**3 - 5*b**2 - 5*b - 6. Let k be z(6). Suppose k = -3*l + 6*l - 4*q - 11, 0 = 2*l - q - 9. What is the units digit of l?
5
Suppose 0 = -5*u - 15, 2*p + 23 = -2*p - u. What is the units digit of 1 + (1 - 3 - p)?
4
Suppose 4*o - 27 = 1. Let y = o + -6. What is the units digit of y?
1
Suppose -4*k = -1 - 7. Suppose 8 = 2*g + k*g. Let p = g + 4. What is the units digit of p?
6
Suppose 0*w - 2 = -w. Suppose 0 = 7*a - w*a - 10. What is the units digit of a?
2
Let h be 18/4 + 6/(-4). What is the units digit of h/1*12/9?
4
Let j(p) = p**2 + 8*p - 1. Let k be j(-8). Let w be 71/((k - -3)/2). Suppose -73 = -4*q - q - 3*y, -5*y = -3*q + w. What is the units digit of q?
7
Suppose -17 = -2*y - 3*s, 0 = 2*y + 2*s - 12 - 0. Suppose 0 = n + y - 6, -n = 4*q - 17. What is the units digit of q?
3
Let f(c) = 4*c + 1. Let x be f(1). Suppose x*h - h - 12 = 0. Suppose h*u - 3 = 3. What is the units digit of u?
2
Suppose -5*t = 3*p - 49, -3*t - 33 = 2*p - 5*p. Let x = 14 + -10. Suppose -4*q = -x*z - 5*q + 9, 5*z - p = -3*q. What is the units digit of z?
2
Let b = -69 - -101. What is the units digit of b?
2
Let i = 125 - -42. What is the hundreds digit of i?
1
Suppose w - 6*w = -2*z + 75, 0 = -2*z - 3*w + 35. Suppose -61 = -4*k - z. What is the units digit of k?
9
Let y be 2 - (5 - (-2)/2). What is the units digit of y/6 - (-35)/21?
1
Let v = 18 - -153. What is the hundreds digit of v?
1
What is the units digit of 996/15 - 2/5?
6
Let s(t) be the first derivative of -t - 3*t**4 + 2 - t**2 - 1/3*t**3. What is the units digit of s(-1)?
2
Suppose b = -b + 24. Suppose y = -2*y + b. Suppose -5*i + 5 = 2*s - 4, 2*i + y = 3*s. What is the units digit of i?
1
What is the units digit of ((-24)/(-5))/((-6)/(-20))?
6
Let g = 58 - 35. What is the tens digit of g?
2
Suppose 7 - 1 = -3*c. Let n be (c - (-10)/6)*3. What is the tens digit of (-10)/15*(n + -17)?
1
Let v(s) = 2*s + 9. Let u(q) = q + 4. Let a be ((-8)/(-2))/(-1 + 3). Let k(f) = a*v(f) - 5*u(f). What is the units digit of k(-3)?
1
Suppose -2*j - 3*o = -0*o + 4, -5*j - 3*o - 10 = 0. What is the units digit of (-6)/4 - 49/j?
3
Let f = 3 + -3. Let m = 0 - f. Suppose -40 = -m*x - 4*x. What is the units digit of x?
0
Suppose -5*w + 24 = -26. What is the units digit of w?
0
What is the hundreds digit of 2/(-7) + 12792/84 + 0?
1
Let i = 7 - 8. Let x = i - -7. What is the units digit of x?
6
Let q(l) = -6*l + 12*l + l**2 + 4 + 3*l. Let p be q(-10). Suppose -h = 4*w - 4*h - 1, -w - 2*h = -p. What is the units digit of w?
4
Let l = 1 + -3. Let o = l - -4. Let j = 9 - o. What is the units digit of j?
7
Suppose t + 0 = 4. Let i(c) = -9*c**2 - 23*c + 23. Let a(k) = -5*k**2 - 12*k + 12. Let p(y) = 11*a(y) - 6*i(y). What is the units digit of p(t)?
2
Suppose -5*j + 2*f - 5*f - 20 = 0, 0 = -3*f. Let z = 4 + j. Let s = z + 8. What is the units digit of s?
8
Let n(v) = -5*v + 5 - 6 - 4*v. What is the units digit of n(-1)?
8
Suppose 2*l = -4*i + 100, -7*l = 5*i - 4*l - 126. What is the units digit of i?
4
Let a(h) = -h + 6. Let k be a(4). Suppose 